3543.
2989
What is the remainder when 231482458 is divided by 132?
130
Calculate the remainder when 47664 is divided by 5077.
1971
Calculate the remainder when 105720 is divided by 1046.
74
What is the remainder when 1168755 is divided by 17187?
39
Calculate the remainder when 12357 is divided by 1608.
1101
Calculate the remainder when 1250872 is divided by 2153.
2132
Calculate the remainder when 42885 is divided by 350.
185
What is the remainder when 105167098 is divided by 32?
26
What is the remainder when 1650065 is divided by 330010?
15
What is the remainder when 261498947 is divided by 65374736?
3
Calculate the remainder when 12780 is divided by 1001.
768
Calculate the remainder when 948352 is divided by 462.
328
What is the remainder when 836197 is divided by 119437?
138
What is the remainder when 9325706 is divided by 9?
5
What is the remainder when 16851098 is divided by 1133?
1122
What is the remainder when 15405333 is divided by 1925652?
117
What is the remainder when 167628 is divided by 169?
149
Calculate the remainder when 109586 is divided by 10935.
236
What is the remainder when 173021 is divided by 24708?
65
Calculate the remainder when 62460 is divided by 20602.
654
Calculate the remainder when 783586 is divided by 2990.
206
Calculate the remainder when 95161 is divided by 47158.
845
Calculate the remainder when 115164 is divided by 2460.
2004
What is the remainder when 354495 is divided by 35438?
115
Calculate the remainder when 6130022 is divided by 709.
8
Calculate the remainder when 30504 is divided by 25748.
4756
What is the remainder when 98128 is divided by 1363?
1355
Calculate the remainder when 199850 is divided by 1843.
806
What is the remainder when 95866255 is divided by 31955415?
10
What is the remainder when 314376 is divided by 104755?
111
Calculate the remainder when 45693761 is divided by 3807812.
17
Calculate the remainder when 302478 is divided by 100548.
834
What is the remainder when 175720510 is divided by 87?
85
What is the remainder when 279171 is divided by 1173?
1170
Calculate the remainder when 423299 is divided by 7299.
7256
What is the remainder when 5399762 is divided by 317?
301
Calculate the remainder when 2432192 is divided by 2323.
11
What is the remainder when 23114 is divided by 1359?
11
Calculate the remainder when 11718582 is divided by 114888.
6
What is the remainder when 13981140 is divided by 873820?
20
Calculate the remainder when 287135 is divided by 56821.
3030
What is the remainder when 12743436 is divided by 123?
21
Calculate the remainder when 1783686 is divided by 5471.
140
What is the remainder when 115950 is divided by 1838?
156
Calculate the remainder when 66814 is divided by 33392.
30
Calculate the remainder when 179531 is divided by 89704.
123
What is the remainder when 10439258 is divided by 2871?
302
Calculate the remainder when 95679931 is divided by 107.
103
What is the remainder when 456530 is divided by 456221?
309
What is the remainder when 16695276 is divided by 444?
432
What is the remainder when 50119554 is divided by 15?
9
What is the remainder when 33942512 is divided by 1040?
32
What is the remainder when 244143 is divided by 12906?
11835
What is the remainder when 7863914 is divided by 982989?
2
Calculate the remainder when 1738378 is divided by 820.
798
Calculate the remainder when 265017 is divided by 87979.
1080
What is the remainder when 1815873 is divided by 10693?
8756
What is the remainder when 886163 is divided by 425?
38
Calculate the remainder when 64700430 is divided by 49.
46
Calculate the remainder when 70343 is divided by 48.
23
Calculate the remainder when 19510372 is divided by 2857.
2776
What is the remainder when 1853135 is divided by 731?
50
Calculate the remainder when 3351499 is divided by 837865.
39
Calculate the remainder when 87679 is divided by 2658.
2623
Calculate the remainder when 22264377 is divided by 32.
25
Calculate the remainder when 752947 is divided by 208.
195
Calculate the remainder when 877329 is divided by 81.
18
Calculate the remainder when 357270 is divided by 321.
318
Calculate the remainder when 168198936 is divided by 42049728.
24
Calculate the remainder when 59891702 is divided by 9981947.
20
Calculate the remainder when 3672999 is divided by 1514.
35
Calculate the remainder when 6149 is divided by 1912.
413
Calculate the remainder when 1478623 is divided by 98574.
13
Calculate the remainder when 64985286 is divided by 232.
230
Calculate the remainder when 4670446 is divided by 54306.
130
Calculate the remainder when 8294370 is divided by 224172.
6
What is the remainder when 6536256 is divided by 1610?
1266
Calculate the remainder when 53032 is divided by 1514.
42
What is the remainder when 187119 is divided by 1162?
37
What is the remainder when 55879608 is divided by 376?
368
Calculate the remainder when 6481601 is divided by 15.
11
What is the remainder when 24653530 is divided by 8217836?
22
What is the remainder when 1677278 is divided by 11410?
8
Calculate the remainder when 1638119 is divided by 478.
13
What is the remainder when 110239 is divided by 4079?
106
Calculate the remainder when 3095619 is divided by 6.
3
Calculate the remainder when 5193784 is divided by 649223.
0
Calculate the remainder when 43610 is divided by 3120.
3050
Calculate the remainder when 62905 is divided by 9737.
4483
What is the remainder when 3881897 is divided by 1939915?
2067
Calculate the remainder when 3023316 is divided by 604659.
21
What is the remainder when 197175 is divided by 49269?
99
Calculate the remainder when 340576 is divided by 1784.
1616
Calculate the remainder when 177966017 is divided by 20.
17
What is the remainder when 1514036 is divided by 27?
11
What is the remainder when 437041773 is divided by 754?
753
Calculate the remainder when 6313804 is divided by 53.
20
What is the remainder when 24589177 is divided by 281?
272
What is the remainder when 997862 is divided by 15310?
2712
Calculate the remainder when 10004734 is divided by 270398.
8
Calculate the remainder when 713793 is divided by 926.
773
Calculate the remainder when 574944 is divided by 888.
408
What is the remainder when 235683783 is divided by 529?
0
Calculate the remainder when 14555710 is divided by 97038.
10
Calculate the remainder when 87916396 is divided by 5200.
5196
Calculate the remainder when 5657969 is divided by 32517.
11
Calculate the remainder when 5108978 is divided by 5108976.
2
Calculate the remainder when 6785373 is divided by 678459.
783
What is the remainder when 1046011 is divided by 31?
9
What is the remainder when 60482 is divided by 1064?
898
Calculate the remainder when 505129 is divided by 1033.
1025
What is the remainder when 13100454 is divided by 238190?
4
What is the remainder when 330687 is divided by 1476?
63
Calculate the remainder when 83090 is divided by 232.
34
What is the remainder when 10226122 is divided by 262208?
10
What is the remainder when 45843 is divided by 6543?
42
What is the remainder when 438006 is divided by 1982?
1966
Calculate the remainder when 92787347 is divided by 3907.
4
What is the remainder when 36972 is divided by 528?
12
Calculate the remainder when 22148 is divided by 21965.
183
Calculate the remainder when 426586 is divided by 11168.
2202
What is the remainder when 694294 is divided by 461?
28
What is the remainder when 863094 is divided by 1522?
120
What is the remainder when 725281 is divided by 362445?
391
Calculate the remainder when 137824 is divided by 34333.
492
What is the remainder when 14251282 is divided by 84829?
10
What is the remainder when 1003283 is divided by 200233?
2118
What is the remainder when 2440600 is divided by 5?
0
Calculate the remainder when 714814 is divided by 8717.
20
Calculate the remainder when 109495 is divided by 10845.
1045
What is the remainder when 505378 is divided by 160?
98
What is the remainder when 6926731 is divided by 6480?
6091
What is the remainder when 372811 is divided by 222?
73
Calculate the remainder when 73371923 is divided by 4049.
4043
Calculate the remainder when 1190610 is divided by 595302.
6
What is the remainder when 215346 is divided by 215320?
26
What is the remainder when 5464889 is divided by 153?
35
Calculate the rema